 = -3*y**2 - 48*y + 50. Give v(-17).
-1
Let l(u) = -u**3 + u**2 + 3*u + 3. What is l(4)?
-33
Let c(x) = 2*x - 5. Calculate c(-13).
-31
Let l(s) = 3*s**2 - 13*s - 2. Calculate l(4).
-6
Let w(q) = q**3 + 12*q**2 - 13*q + 17. Give w(-13).
17
Let p(w) = -2*w**2 - 20*w - 15. Give p(-1).
3
Let f(s) = -7*s. What is f(2)?
-14
Let o(a) = -6*a - 94. Determine o(-15).
-4
Let b(v) = -2*v**2 - 3*v + 37. Give b(6).
-53
Let i(f) = -7*f - 36. Give i(-12).
48
Let m(g) = -g**2 - 3*g - 26. Calculate m(-8).
-66
Let n(q) = q - 10. Give n(4).
-6
Let d(v) = 13*v + 254. Calculate d(-18).
20
Let d(j) = 6*j + 21. What is d(0)?
21
Let g(z) = z + 16. What is g(-8)?
8
Let z(h) = 2*h**2 - h + 4. Calculate z(-3).
25
Let b(l) = 2*l**2 + 6*l - 3. What is b(-4)?
5
Let y(b) = 2*b - 35. Calculate y(20).
5
Let r(p) = -p**3 + 18*p**2 - 3*p + 63. Give r(18).
9
Let i(j) = j**3 + 2*j**2 + 4*j - 7. Calculate i(-4).
-55
Let n(m) = -m**2 + 2*m - 3. Determine n(4).
-11
Let y(w) = -5*w**2 + 88*w + 33. Give y(18).
-3
Let w(b) = -b**2 - 4*b - 12. Determine w(-2).
-8
Let q(u) = -u**3 - 12*u**2 - 20*u - 110. Determine q(-11).
-11
Let f(g) = -2*g - 10. What is f(-4)?
-2
Let n(a) = -2*a**3 - 18*a**2 - 41*a - 27. Give n(-6).
3
Let c(o) = -16*o. Calculate c(-5).
80
Let z(j) = j**2 + 17*j + 9. What is z(-15)?
-21
Let c(t) = t**2 + 7*t - 7. Determine c(-8).
1
Let m(c) = -c**3 - 4*c**2 + 7*c + 10. Give m(-5).
0
Let m(i) = i**3 + 32*i**2 + 59*i - 25. Calculate m(-30).
5
Let r(q) = -q**3 + 4*q**2 + 5*q + 2. Determine r(5).
2
Let o(j) = 12*j**3 - 2*j**2 + 2*j - 1. Calculate o(1).
11
Let j(c) = c**3 - 2*c**2 + 3*c - 3. What is j(2)?
3
Let j(r) = -r**2 - 21*r - 41. Calculate j(-17).
27
Let y(j) = 3*j**2 - 6*j + 6. Calculate y(3).
15
Let o(f) = -f**2 - 17*f - 58. Determine o(-13).
-6
Let u(j) = j**2 + 14*j - 4. What is u(-15)?
11
Let i(f) = -3*f**3 - 68*f**2 + 25*f + 49. Give i(-23).
3
Let u(d) = -d**2 + 10*d - 8. Give u(9).
1
Let d(n) = n**2 - 3. Determine d(4).
13
Let r(x) = -9*x - 12. Give r(-5).
33
Let o(y) = 2*y**3 + 2*y**2 - 2*y - 7. Determine o(3).
59
Let w(c) = -30*c**3 - 2*c**2 - c. Determine w(-1).
29
Let h(g) = -g**3 + 12*g**2 - 13*g + 27. Calculate h(11).
5
Let y(b) = 7*b + 1. What is y(-1)?
-6
Let h(i) = i**2 - 8*i + 16. Calculate h(7).
9
Let f(h) = h**2 + 12*h + 14. Give f(-4).
-18
Let p(o) = o**3 - 4*o**2 - 2*o - 2. Determine p(4).
-10
Let y(r) = r**2 + 9*r + 7. Calculate y(-9).
7
Let i(l) = -l - 5. Give i(-3).
-2
Let d(p) = -p**3 - 3*p**2 + 7*p + 19. What is d(-3)?
-2
Let i(h) = -2*h**3 - h**2 + 2*h - 16. Calculate i(0).
-16
Let t(a) = 35*a - 22. What is t(5)?
153
Let g(d) = d - 7. What is g(19)?
12
Let m(u) = -u**3 - 5*u**2 + 6. Calculate m(-5).
6
Let i(z) = 3*z - 41. Determine i(12).
-5
Let o(t) = -t**3 + 5*t**2 - 5*t + 2. What is o(4)?
-2
Let l(c) = -c**2 + 5*c + 59. Calculate l(0).
59
Let t(h) = -7*h + 12. Calculate t(3).
-9
Let j(n) = n**3 - 4*n**2 - 4*n + 5. Give j(4).
-11
Let c(a) = 4*a - 7. Give c(-10).
-47
Let i(t) = -t**3 - 8*t**2 - 14*t - 9. Give i(-6).
3
Let i(l) = -2*l**3 + 11*l**2 + 17*l + 15. Give i(7).
-13
Let g(c) = -2*c**2 - 8*c - 5. Give g(-5).
-15
Let p(f) = f**3 + 13*f**2 - 19*f - 7. Give p(-14).
63
Let i(c) = -c + 1. Give i(1).
0
Let z(l) = 12*l + 2. Give z(2).
26
Let v(d) = 2*d**2 + 22*d + 20. Determine v(-8).
-28
Let j(b) = -b**3 - 15*b**2 - 10*b + 16. Give j(-14).
-40
Let v(x) = x**3 - 9*x**2 + 9*x + 6. Determine v(8).
14
Let p(m) = -10*m**2 - 4*m - 4. Give p(-3).
-82
Let x(v) = v**3 - 7*v**2 - 8*v - 2. What is x(8)?
-2
Let g(z) = -z + 3. What is g(7)?
-4
Let k(l) = 70*l**2 - l. Determine k(1).
69
Let q(x) = x - 15. Calculate q(11).
-4
Let a(t) = -t**3 - 26*t**2 + 30*t + 76. Calculate a(-27).
-5
Let z(b) = b**3 + 16*b**2 - 32*b + 70. Calculate z(-18).
-2
Let n(u) = -7*u**2 + u + 1. Determine n(-1).
-7
Let u(y) = y**3 + 3*y**2 - 7*y - 8. Calculate u(-6).
-74
Let a(t) = t**3 + 11*t**2 + 9*t - 77. Give a(-9).
4
Let m(h) = 7*h - 1. Give m(-1).
-8
Let d(g) = 15*g**2 + 3*g. Determine d(-2).
54
Let x(n) = n**3 + 9*n**2 - 41*n - 60. What is x(-12)?
0
Let j(b) = -b**2 + 14*b - 28. Determine j(12).
-4
Let q(i) = -23*i**2 + i - 1. What is q(-1)?
-25
Let v(t) = -86*t**2 - 2*t + 2. What is v(1)?
-86
Let z(j) = 7*j + 73. What is z(-9)?
10
Let t(v) = -21*v**2 + 6*v + 6. Calculate t(-1).
-21
Let z(i) = i**3 - 17*i**2 - 40*i + 40. Calculate z(19).
2
Let q(z) = -9*z - 25. Give q(-5).
20
Let s(r) = 2*r - 2. Determine s(11).
20
Let d(u) = 3*u - 47. Determine d(17).
4
Let m(v) = v**3 + 24*v**2 + 23*v - 6. What is m(-23)?
-6
Let u(f) = -16*f**3 - 2*f**2 + 2*f - 1. What is u(1)?
-17
Let v(x) = -x**2 - 9*x + 61. Calculate v(-14).
-9
Let r(h) = h**2 - 41*h + 330. Give r(29).
-18
Let f(c) = 2*c**2 + 39*c - 21. Calculate f(-20).
-1
Let i(r) = -r**3 + 8*r**2 + 2*r - 4. Calculate i(8).
12
Let p(a) = -a**2 - 3. Calculate p(0).
-3
Let p(f) = 2*f**2 + 4*f - 7. What is p(-5)?
23
Let h(g) = -12*g**2 - 2*g + 1. Determine h(1).
-13
Let k(y) = -4*y - 7. What is k(5)?
-27
Let m(l) = -16*l - 19. What is m(-7)?
93
Let x(h) = -h**3 - 35*h**2 - 33*h + 46. Determine x(-34).
12
Let b(w) = w**3 - 8*w**2 + 14*w - 16. Calculate b(6).
-4
Let b(i) = -55*i - 29. Calculate b(-1).
26
Let m(n) = -n**2 - 8*n - 20. Give m(-4).
-4
Let k(w) = -4*w - 15. Calculate k(-5).
5
Let p(u) = 20*u - 5. Give p(0).
-5
Let g(s) = s - 1. Determine g(3).
2
Let s(p) = -p**3 - p**2 + p + 4. What is s(-3)?
19
Let w(q) = 73*q**2 - 2*q - 1. What is w(-1)?
74
Let y(z) = z**3 - 13*z**2 - 2*z + 17. What is y(13)?
-9
Let n(v) = -31*v + 432. Calculate n(14).
-2
Let t(k) = -k**3 - 40*k**2 - 4*k - 158. Give t(-40).
2
Let r(w) = -w**3 - 3*w**2 + 8*w + 12. Give r(-4).
-4
Let y(l) = 20*l**2 - 4*l - 6. Calculate y(-2).
82
Let n(d) = 12*d + 681. What is n(-56)?
9
Let t(z) = -z - 3. Give t(3).
-6
Let f(w) = 7*w - 4. What is f(4)?
24
Let d(a) = -95*a - 760. What is d(-8)?
0
Let y(b) = 5*b + 40. Give y(-12).
-20
Let w(s) = -s**3 - s**2 + 36*s - 59. Calculate w(2).
1
Let l(a) = -a**2 - 14*a + 101. Calculate l(5).
6
Let p(k) = -k**3 - 4*k**2 + 7*k + 5. Determine p(-5).
-5
Let o(t) = -t**3 + 11*t**2 - 20*t + 13. Give o(9).
-5
Let o(v) = v**3 - 4*v**2 - v - 2. Calculate o(4).
-6
Let b(f) = -f**3 - 12*f**2 - 13. Give b(-12).
-13
Let h(v) = 15*v - 127. Give h(7).
-22
Let a(o) = -5*o**2 + 5*o + 6. Give a(-3).
-54
Let w(m) = m**3 + 9*m**2 + 17*m + 5. Give w(-4).
17
Let j(f) = -16*f + 109. Determine j(7).
-3
Let p(r) = -r**2 + 15*r - 54. Determine p(6).
0
Let d(z) = -10*z**3 - 1. Calculate d(-1).
9
Let b(i) = -5*i - 15. Calculate b(-3).
0
Let z(g) = -g**2 - 5*g - 26. What is z(-12)?
-110
Let b(r) = r**3 + 2*r**2 - 2*r + 14. Calculate b(0).
14
Let u(p) = -p**2 + 5*p - 22. Calculate u(4).
-18
Let l(p) = p**2 + 5*p - 35. Calculate l(-10).
15
Let d(l) = -l - 28. Give d(0).
-28
Let j(u) = -2*u + 7. Calculate j(-8).
23
Let g(a) = -3*a + 1. What is g(-7)?
22
Let a(m) = -4*m + 6. Give a(-5).
26
Let j(n) = -2*n + 3. Give j(3).
-3
Let r(i) = 13*i - 860. What is r(66)?
-2
Let s(b) = 2*b - 11. Give s(5).
-1
Let b(u) = u**3 + 6*u**2 - 8*u - 9. Determine b(-7).
-2
Let s(n) = -2*n**3 + 17*n**2 - 23*n + 23. Give s(7).
9
Let b(s) = -s**2 - 4*s + 4. Give b(-7).
-17
Let g(l) = l**3 - 9*l**2 + 6*l + 22. What is g(6)?
-50
Let o(w) = -15*w + 27. What is o(3)?
-18
Let r(h) = -h**2 + 3*h + 7. Calculate r(7).
-21
Let d(x) = -x**2 + 10*x + 1. Give d(10).
1
Let z(s) = -s**3 + 9*s**2 - 10*s + 13. Give z(8).
-3
Let f(a) = -a**3 - 6*a**2 + 3*a - 3. Determine f(-4).
-47
Let l(a) = a**2 + 15*a + 18. What is l(-12)?
-18
Let h(f) = 37*f - 8. Calculate h(-2).
-82
Let i(x) = -x**3 + 4*x**2 + 10*x + 5. Give i(5).
30
Let p(d) = -14*d - 20. Give p(-5).
50
Let d(j) = -j**2 - 12*j - 22. What is d(-6)?
14
Let c(u) = u**3 - 23*u**2 - u + 9. What is c(23)?
-14
Let u(z) = -4*z**2 + 87*z - 215. Determine u(19).
-6
Let g(d) = 2*d + 33. Give g(-12).
9
Let j(d) = -d**2 - 3*d + 23. Determine j(-6).
5
Let n(p) = p**3 - 43*p**2 - 46*p + 81. Calculate n(44).
-7
Let s(f) = -f**3 - 4*f**2 + 6*f + 9. Give s(-4).
-15
Let s(p) = 2*p**2 + 3*p - 4. What is s(3)?
23
Let h(y) = y**2 + 6*y + 4. Give h(-9).
31
Let r(s) = s + 5. What is r(-15)?
-10
Let j(h) = h - 3. Determine j(-9).
-12
Let d(i) = 11*i + 127. Give d(-12).
-5
Let n(z) = -2*z**2 + 46*z - 55. Give n(22).
-11
Let x(u) = -u**3 + 4*u**2 + 3*u + 3. Calculate x(4)